{"id":628,"date":"2009-05-06T11:43:24","date_gmt":"2009-05-06T16:43:24","guid":{"rendered":"http:\/\/wpzoom.com\/zenko\/demo\/?page_id=3"},"modified":"2025-12-10T06:52:02","modified_gmt":"2025-12-10T06:52:02","slug":"contact","status":"publish","type":"page","link":"https:\/\/kurtkoygunlukdaire.com\/?page_id=628","title":{"rendered":"\u0130leti\u015fim"},"content":{"rendered":"\n<div class=\"wp-block-group alignfull\"><div class=\"wp-block-group__inner-container is-layout-constrained wp-container-core-group-is-layout-19e250f3 wp-block-group-is-layout-constrained\">\n<div class=\"wp-block-columns alignfull are-vertically-aligned-center has-light-background-background-color has-background is-layout-flex wp-container-core-columns-is-layout-dd282781 wp-block-columns-is-layout-flex\" style=\"padding-top:0;padding-right:0;padding-bottom:0;padding-left:0\">\n<div class=\"wp-block-column is-layout-flow wp-block-column-is-layout-flow\">\n<p class=\"has-text-align-center\">Rezervasyon yapmak i\u00e7in bizimle ileti\u015fime ge\u00e7mek isterseniz, l\u00fctfen a\u015fa\u011f\u0131daki ileti\u015fim bilgilerini kullan\u0131n<\/p>\n<\/div>\n<\/div>\n<\/div><\/div>\n\n\n\n<div class=\"wp-block-group\"><div class=\"wp-block-group__inner-container is-layout-constrained wp-block-group-is-layout-constrained\">\n<div class=\"wp-block-columns is-layout-flex wp-container-core-columns-is-layout-28f84493 wp-block-columns-is-layout-flex\">\n<div class=\"wp-block-column is-layout-flow wp-block-column-is-layout-flow\" style=\"flex-basis:50.01%\">\n<div class=\"wp-block-group\"><div class=\"wp-block-group__inner-container is-layout-constrained wp-block-group-is-layout-constrained\">\n<h3 class=\"wp-block-heading has-text-align-center\"><strong>Adres<\/strong><\/h3>\n\n\n\n<p class=\"has-text-align-center\">\u015eeyhli Mah, Mevlana Cd. No: 2\/1, 34906 Pendik \/ \u0130stanbul<\/p>\n<\/div><\/div>\n<\/div>\n\n\n\n<div class=\"wp-block-column is-layout-flow wp-block-column-is-layout-flow\" style=\"flex-basis:49.99%\">\n<h3 class=\"wp-block-heading has-text-align-center\">Telefon<\/h3>\n\n\n\n<p class=\"has-text-align-center\"><a href=\"tel:05465392525\">0 (546) 539 25 25<\/a><\/p>\n<\/div>\n<\/div>\n<\/div><\/div>\n\n\n<iframe src=\"https:\/\/www.google.com\/maps\/embed?pb=!1m18!1m12!1m3!1d48247.095375404184!2d29.242290531374696!3d40.90602153989289!2m3!1f0!2f0!3f0!3m2!1i1024!2i768!4f13.1!3m3!1m2!1s0x14cadbabe4fa1b8d%3A0x3a9d9530dafc0d73!2zS1VSVEvDllkgR8OcTkzDnEsgS8SwUkFMSUsgREHEsFJF!5e0!3m2!1str!2str!4v1701442224988!5m2!1str!2str\"  width=\"1140\" height=\"700\" style=\"border:0; text-aling:center;\" allowfullscreen=\"\" loading=\"lazy\" referrerpolicy=\"no-referrer-when-downgrade\"><\/iframe>","protected":false},"excerpt":{"rendered":"<p>Rezervasyon yapmak i\u00e7in bizimle ileti\u015fime ge\u00e7mek isterseniz, l\u00fctfen a\u015fa\u011f\u0131daki ileti\u015fim bilgilerini kullan\u0131n Adres \u015eeyhli Mah, Mevlana Cd. No: 2\/1, 34906 Pendik \/ \u0130stanbul Telefon 0 (546) 539 25 25<\/p>\n","protected":false},"author":1,"featured_media":0,"parent":0,"menu_order":0,"comment_status":"closed","ping_status":"closed","template":"page-templates\/no-title.php","meta":{"saved_in_kubio":true,"_monsterinsights_skip_tracking":false,"_monsterinsights_sitenote_active":false,"_monsterinsights_sitenote_note":"","_monsterinsights_sitenote_category":0,"footnotes":""},"class_list":["post-628","page","type-page","status-publish","hentry"],"aioseo_notices":[],"kubio_ai_page_context":{"short_desc":"","purpose":"general"},"_links":{"self":[{"href":"https:\/\/kurtkoygunlukdaire.com\/index.php?rest_route=\/wp\/v2\/pages\/628","targetHints":{"allow":["GET"]}}],"collection":[{"href":"https:\/\/kurtkoygunlukdaire.com\/index.php?rest_route=\/wp\/v2\/pages"}],"about":[{"href":"https:\/\/kurtkoygunlukdaire.com\/index.php?rest_route=\/wp\/v2\/types\/page"}],"author":[{"embeddable":true,"href":"https:\/\/kurtkoygunlukdaire.com\/index.php?rest_route=\/wp\/v2\/users\/1"}],"replies":[{"embeddable":true,"href":"https:\/\/kurtkoygunlukdaire.com\/index.php?rest_route=%2Fwp%2Fv2%2Fcomments&post=628"}],"version-history":[{"count":8,"href":"https:\/\/kurtkoygunlukdaire.com\/index.php?rest_route=\/wp\/v2\/pages\/628\/revisions"}],"predecessor-version":[{"id":7155,"href":"https:\/\/kurtkoygunlukdaire.com\/index.php?rest_route=\/wp\/v2\/pages\/628\/revisions\/7155"}],"wp:attachment":[{"href":"https:\/\/kurtkoygunlukdaire.com\/index.php?rest_route=%2Fwp%2Fv2%2Fmedia&parent=628"}],"curies":[{"name":"wp","href":"https:\/\/api.w.org\/{rel}","templated":true}]}}